st common factor of 8640 and 25?
5
What is the greatest common factor of 199121 and 1105?
221
Calculate the greatest common divisor of 255 and 1101192.
51
What is the highest common factor of 589 and 3445061?
589
Calculate the highest common factor of 133 and 27037.
19
What is the highest common divisor of 5260792 and 656?
328
Calculate the greatest common factor of 548 and 59047.
137
Calculate the highest common divisor of 2320 and 106285.
145
What is the highest common factor of 9500 and 49647?
19
What is the greatest common divisor of 13962 and 2314?
26
What is the greatest common factor of 500 and 22600?
100
What is the highest common factor of 360 and 25736?
8
Calculate the highest common factor of 16 and 42040.
8
What is the greatest common factor of 666 and 74962?
74
Calculate the highest common factor of 38216 and 102.
34
What is the highest common factor of 462 and 42?
42
What is the greatest common divisor of 60047 and 4061?
31
Calculate the highest common divisor of 361966 and 44.
22
Calculate the highest common divisor of 3439 and 28417.
181
What is the highest common divisor of 53 and 848?
53
What is the highest common factor of 198755 and 25?
5
Calculate the highest common divisor of 326723 and 17.
17
Calculate the highest common factor of 920403 and 1089.
99
Calculate the highest common factor of 18930 and 150.
30
Calculate the greatest common divisor of 1140 and 792.
12
Calculate the greatest common factor of 142868 and 88.
44
What is the greatest common factor of 17184 and 3036?
12
Calculate the highest common factor of 23050 and 15725.
25
Calculate the highest common divisor of 1944 and 10638.
54
What is the greatest common divisor of 16896 and 429?
33
Calculate the highest common divisor of 1337 and 2828.
7
Calculate the highest common factor of 93 and 411029.
31
What is the greatest common divisor of 1659 and 186361?
553
Calculate the greatest common factor of 1656 and 1314.
18
What is the greatest common factor of 916 and 896?
4
Calculate the greatest common divisor of 113268 and 24.
12
What is the greatest common divisor of 4830 and 42320?
230
Calculate the greatest common factor of 621200 and 8.
8
What is the highest common factor of 3066 and 33215?
511
Calculate the greatest common factor of 22 and 15128542.
22
What is the greatest common divisor of 83580 and 3660?
60
What is the greatest common factor of 95 and 7410?
95
What is the greatest common factor of 4433 and 64207?
143
What is the highest common divisor of 138 and 17066?
46
Calculate the highest common divisor of 171 and 12787.
19
What is the highest common divisor of 512 and 356?
4
What is the highest common factor of 84240 and 4800?
240
Calculate the greatest common factor of 7304910 and 555.
555
Calculate the greatest common divisor of 897 and 1014.
39
Calculate the highest common factor of 7683 and 468.
39
Calculate the highest common factor of 330 and 3970.
10
What is the highest common factor of 320 and 9612?
4
Calculate the greatest common divisor of 387 and 83871.
9
Calculate the highest common divisor of 9114 and 2046.
186
What is the highest common factor of 890 and 437702?
178
What is the greatest common divisor of 4427 and 152?
19
Calculate the highest common factor of 357 and 56814.
51
What is the greatest common divisor of 711 and 333?
9
What is the highest common divisor of 20866 and 28?
2
Calculate the greatest common divisor of 74 and 1390349.
37
Calculate the greatest common factor of 4387 and 5029.
107
What is the highest common divisor of 34810 and 11210?
590
Calculate the greatest common factor of 35696 and 8096.
368
Calculate the greatest common divisor of 18 and 3249.
9
What is the greatest common divisor of 5390 and 40?
10
What is the highest common divisor of 1647 and 135?
27
Calculate the highest common divisor of 1663299 and 45.
9
Calculate the greatest common divisor of 3618 and 17.
1
Calculate the greatest common factor of 150 and 2903800.
50
Calculate the highest common factor of 534014 and 1235.
247
What is the highest common factor of 22506 and 33?
33
Calculate the greatest common divisor of 3944 and 4624.
136
What is the highest common divisor of 1800 and 32850?
450
Calculate the highest common divisor of 6 and 9994.
2
What is the highest common factor of 1719 and 99?
9
What is the highest common factor of 3741 and 15738?
129
Calculate the greatest common divisor of 27727 and 1904.
119
Calculate the greatest common factor of 26864 and 32.
16
Calculate the greatest common factor of 35210 and 70.
70
What is the highest common divisor of 850 and 129302?
34
What is the highest common factor of 1089 and 373043?
121
Calculate the greatest common divisor of 1058911 and 7.
7
What is the highest common divisor of 12518 and 154?
22
What is the highest common factor of 22 and 11957?
11
Calculate the greatest common divisor of 869895 and 1170.
585
Calculate the greatest common factor of 948 and 100172.
316
Calculate the highest common factor of 3 and 13426.
1
What is the greatest common divisor of 171 and 93138?
57
Calculate the highest common factor of 8 and 22666.
2
Calculate the highest common factor of 39596 and 152.
76
Calculate the greatest common factor of 976 and 52948.
244
Calculate the highest common divisor of 765 and 365490.
45
What is the highest common divisor of 29068 and 172?
172
Calculate the greatest common divisor of 134007 and 912.
57
What is the greatest common divisor of 7928 and 248?
8
What is the greatest common divisor of 24 and 878244?
12
Calculate the greatest common divisor of 221636 and 804.
268
Calculate the greatest common factor of 3640 and 24395.
35
What is the greatest common factor of 285 and 3686285?
95
What is the greatest common divisor of 884 and 1155388?
884
What is the highest common divisor of 44172 and 12?
12
Calculate the greatest common divisor of 1728 and 13176.
216
What is the highest common factor of 31232 and 6588?
244
Calculate the greatest common divisor of 27 and 16.
1
Calculate the highest common factor of 140 and 32270.
70
Calculate the highest common divisor of 8041 and 1496.
187
Calculate the highest common factor of 32 and 82232.
8
What is the greatest common divisor of 2905850 and 100?
50
Calculate the greatest common divisor of 7995 and 16510.
65
What is the highest common factor of 213 and 17608?
71
What is the greatest common factor of 899 and 17951?
29
What is the greatest common factor of 7239 and 14097?
381
Calculate the greatest common factor of 12813 and 57.
3
What is the greatest common factor of 6646 and 10?
2
What is the highest common divisor of 363 and 25212?
33
Calculate the greatest common factor of 210870 and 220.
110
Calculate the greatest common divisor of 4367571 and 117.
39
What is the highest common factor of 550 and 5830?
110
Calculate the highest common divisor of 20 and 12340.
20
What is the greatest common factor of 923 and 119209?
71
What is the greatest common factor of 23 and 77579?
23
Calculate the highest common factor of 1844 and 1054307.
461
What is the greatest common divisor of 709625 and 4375?
875
Calculate the greatest common divisor of 400 and 1671680.
80
Calculate the greatest common factor of 224 and 8764.
28
What is the highest common factor of 56696 and 22192?
152
Calculate the highest common factor of 3503 and 186.
31
What is the highest common divisor of 71075 and 1975?
25
Calculate the greatest common factor of 32 and 1004384.
32
Calculate the highest common factor of 14131 and 13.
13
Calculate the highest common factor of 1840 and 304.
16
Calculate the highest common factor of 55754 and 1952.
122
What is the greatest common divisor of 11490 and 183074?
766
Calculate the greatest common factor of 1450423 and 117.
13
What is the highest common divisor of 273 and 376103?
91
Calculate the greatest common factor of 105340 and 23.
23
What is the greatest common divisor of 22491 and 147?
147
What is the greatest common divisor of 59104 and 201323?
1847
Calculate the highest common factor of 880 and 243056.
176
What is the greatest common factor of 151 and 139524?
151
Calculate the highest common factor of 1540288 and 3522.
1174
What is the greatest common divisor of 352 and 3520?
352
What is the highest common divisor of 76800 and 450?
150
W